)?
-8
Let c(q) = 7*q + 1. Let f(k) = k - 1. Suppose -n - n = -4. Let u be f(n). Determine c(u).
8
Let r(f) = -f**3 + 4*f**2 + f - 4. Suppose 0*w = 10*w - 40. Calculate r(w).
0
Suppose z = -3*l - 3*z + 14, 0 = -l + z + 7. Suppose 18 = 2*y - 2*u, y + 2*u - l*u = 21. Let g(c) = -c**3 + 6*c**2 - 6*c + 5. Determine g(y).
0
Let w(v) = v**3 + 4*v**2 - 6*v - 4. Let u(s) = 8*s - 8. Let c(i) = -7*i + 7. Let d(b) = -7*c(b) - 6*u(b). Let x be d(-4). Calculate w(x).
1
Suppose 12 = -p - 2*p. Let x(i) = -2 + i + i**2 - 8*i**2 - i**3 + i + 3. Let g(c) = 3*c**3 + 20*c**2 - 7*c - 4. Let v(r) = -4*g(r) - 11*x(r). Calculate v(p).
-3
Let o(c) = -c + 9. Let j = -9 + 14. Let n be o(j). Let x(f) = 2 - n - 2*f + 5*f. Determine x(3).
7
Let q(y) = -3*y**3 + y**2 - y + 1. Suppose k - 4*k = 4*t - 13, -2*k = -6. Let b be ((-2)/4)/(t/(-2)). What is q(b)?
-2
Let q(g) = 0*g**2 + 9*g - 10*g - g**3 + 8*g - 5*g**2. Calculate q(-6).
-6
Let h = -42 - -41. Let r(z) = -15*z. What is r(h)?
15
Suppose 2*i + 37 = 5*a, 0 = -2*i + 2*a - 3 - 19. Let z = 4 + i. Let x(p) = p - 5. Let q(y) = y - 1. Let n(l) = z*q(l) + x(l). Give n(-4).
1
Let i(y) = 2 - 4 + 0*y + 2*y + 3. Give i(-6).
-11
Let u(d) = 4*d**3 + d - 1. Let l = 17 - 10. Let i(w) = -w**3 + 7*w**2 + w - 6. Let n be i(l). Calculate u(n).
4
Let f(h) be the third derivative of -h**6/360 - h**5/40 + h**4/6 + h**3/3 - h**2. Let j(n) be the first derivative of f(n). Calculate j(-5).
-6
Let c(k) = -6 - 6*k + 4*k**2 - k**2 - 2*k**2 + k**3 + 4*k**2. Give c(-6).
-6
Suppose 34 = -5*u + 19. Let t = -3 - -5. Let v(b) = -4 - b**3 + 4 - 2*b**t + 4*b. What is v(u)?
-3
Let u(k) = -2*k + 2 + 0 + k. Suppose -3*d + 0*d + 11 = -r, -3*r = 3*d + 21. Let x be (r/(-12))/((-2)/9). Determine u(x).
5
Let v(y) = -3*y + 7. Let t(z) = 4*z - 8. Let m(n) = 2*t(n) + 3*v(n). Determine m(6).
-1
Let j(t) = -t**2 - 4*t + 6. Let o be (-18)/4*(-76)/(-57). Calculate j(o).
-6
Let v(a) be the second derivative of a**3/6 - 9*a**2/2 + 3*a + 10. Determine v(7).
-2
Let c(y) = -11 + y**2 - 9 + 24 - 11 + 7*y. Determine c(-8).
1
Let q be (5 + (0 - 4))*35. Let g(a) = -6*a - 5. Let j be g(-4). Suppose -4*z = -3*m + q, 1 = -4*z - j. Let h(s) = s**2 - 4*s + 1. Determine h(m).
6
Let t(d) = d**2 + 2*d - 4. Suppose -5*m + 1 = 21. Determine t(m).
4
Let j(n) = -3 - 6*n + 8*n + 6 + n. What is j(4)?
15
Let r(k) = -2*k**2 + 11*k + 5. Let d(l) = -l**2 + 6*l + 3. Let b(x) = -11*d(x) + 6*r(x). Determine b(-3).
-12
Let d(b) = -2*b + 3. Suppose 3*v = -10*m + 8*m + 8, 0 = -5*v + 3*m + 45. Give d(v).
-9
Let l = 21 + -18. Let m(j) be the first derivative of 3 + 2*j**2 - 1/4*j**4 + 4*j - j**l. Calculate m(-3).
-8
Let j(n) = -n**2 + 4*n - 1. Let t be ((-4)/6)/(-2)*-3. Let z be (0 - -4) + t + 1. Determine j(z).
-1
Let v(g) = -g - 1. Let p be 5/(-25) - (-4)/(-5). Determine v(p).
0
Let m(l) = l + 2. Let q(b) = b**3 - 3*b**2 - 4*b + 3. Let s be q(4). Determine m(s).
5
Let c(f) be the third derivative of f**4/24 + f**3 + 2*f**2. Let d(v) be the first derivative of -2*v**2 - 18*v + 5. Let g(u) = 7*c(u) + 2*d(u). Determine g(4).
2
Let m(z) be the third derivative of -z**6/120 + z**5/60 + z**4/24 + 40*z**2. Determine m(-1).
1
Let i(h) = -h**3 - 2*h**2 + h. Let n(c) = 2*c**3 + 5*c**2 - 3*c. Let x(v) = 5*i(v) + 2*n(v). Give x(-1).
2
Let c be (2/6)/((-1)/(-12)). Let z(j) = 6*j**2 - 2*j**2 - 3*j + 4*j**3 + j**3. Let s(w) = -11*w**3 - 8*w**2 + 7*w - 1. Let b(d) = -6*s(d) - 13*z(d). Give b(c).
-6
Let m(c) = 2*c**2 + c - 1. Suppose -3 = -3*l + 6. Suppose -z = -5*z - 3*u - 2, -2*z - l*u - 4 = 0. Calculate m(z).
2
Suppose -3*l + 2 = -4. Let b(v) = 2*v + 2*v - l*v + 6. Calculate b(-6).
-6
Let o = -14 + 19. Suppose x - o*c = -2*x - 19, c = -4*x - 10. Let i(v) = -4*v + 1. Give i(x).
13
Let c(i) = -5*i + 6. Let x be c(2). Let a(r) = -r - 6. Calculate a(x).
-2
Let u(b) = -3 + b + 4 + 3 - 2. Let t = -11 + 15. Suppose t*o + 4 = -8. Give u(o).
-1
Let c(t) = -2*t**2 - 3 - 14*t**3 + 15*t**3 + 2*t - 4*t**2 - 5. Give c(6).
4
Let u be (-44 - 0)*6/(-12). Suppose 2*c + 10 = 0, -2*m + u = -5*c + c. Let h = 6 - m. Let t(v) = 2*v - 2. Give t(h).
8
Let q = -9 - -7. Let u be 16/6 + (-8)/12. Let r(f) = -2 - 2*f**3 - u*f + 1 - f**2 - 2*f**2. Give r(q).
7
Let t = -5 + 4. Let m(c) = -3. Let s(z) = -z - 1. Let q(u) = m(u) - 3*s(u). Calculate q(t).
-3
Let y(c) = c**3 + 5*c**2 - 10*c - 9. Suppose -2*s + 5*p - 2 = 0, -4*s - 7*p + 2*p - 34 = 0. What is y(s)?
15
Let b = 96 + -104. Let m(q) = -2*q - 10. Give m(b).
6
Let v be (-22)/(-5) - 8/20. Let f(j) = -2*j**3 + 2*j**2 + j**3 + 0*j**3 + v*j. Give f(3).
3
Let u(r) = -4*r**3 + 1. Let n be (24/6)/(3 - 1). Suppose n*z - 8 = -3*w, 4*w - 13 = -5*z - 0*w. Determine u(z).
-3
Suppose -5*s + 9 = -11. Suppose -7*l - 3 = -4*l. Let y(o) = o. Let h(m) = -6*m + 7. Let n(v) = l*h(v) - 5*y(v). What is n(s)?
-3
Let i(p) = -2 - p**3 - 1 + 8*p + 13*p**2 - 20*p. Let b = -31 + 43. Let a be i(b). Let w(n) = n**3 + 3*n**2 + 3*n + 3. Calculate w(a).
-6
Suppose 2*l = 2*g + 8, -l - 4 = -2*l + 5*g. Let r(w) = l*w + 3*w - 3*w + 5 - w**2. What is r(6)?
-7
Let t(g) = -3*g**3. Let q be t(-1). Let u(c) = -1 - 8*c - 3*c**2 + 7*c**2 + 4*c - 2*c + c**q. Give u(-5).
4
Suppose 5 + 35 = 5*r - 5*j, 9 = -3*j. Suppose r = -2*m + z, z - 10 = -2*m - z. Let a(g) = -g**2 + g - 5. Calculate a(m).
-5
Let l(x) = x**2 + 1. Let f(s) = -2*s**2 + 3*s + s + 7*s**2 + 3. Let w(o) = -f(o) + 4*l(o). Let y(g) = -6*g**2 - 2*g - 1. Let q be y(-1). Give w(q).
-4
Let j(i) be the first derivative of i**5/120 - 7*i**4/24 + i**3 - 4. Let q(c) be the third derivative of j(c). Suppose -x + 3 = -3. What is q(x)?
-1
Let i(z) be the first derivative of 1 - 1/3*z**3 - 1/24*z**4 + 0*z - 1/120*z**5 - 1/360*z**6 + 0*z**2. Let w(b) be the third derivative of i(b). Determine w(2).
-7
Let i(w) be the first derivative of -w**2 - 2*w - 12. Suppose 0 = -o + 2*c + 6, -5*o - 5*c = -3 + 33. Give i(o).
2
Suppose 3*f + 0*f = 4*v + 6, -f + 3*v = -7. Let w = f + -1. Let r(q) be the third derivative of -q**4/24 - q**3/2 - q**2. Give r(w).
0
Let j(o) = -o**2. Let z(d) = -2*d**2 - 5. Let q(k) = -3*k**2 - 6. Let t(i) = -6*q(i) + 7*z(i). Let h(p) = 3*j(p) + t(p). Determine h(1).
2
Let z be (15/6 - 2)*0. Suppose k + 4 - 1 = z. Let a be 0 + 2 + (k - -3). Let p(f) = f**2 + f. Give p(a).
6
Let r(f) = 27*f - 50*f + f**2 + 23*f. Suppose -5*j = 4*m + 40 - 8, 4*j + 19 = -m. Let w = m + 5. Determine r(w).
4
Let l(b) = b - 6. Let k be l(5). Let z be k + 0 - 3*-1. Let f = z - 3. Let o(u) = 8*u**2 - 2*u - 1. Give o(f).
9
Let k(l) = -l**2 - 2*l + 3. Let b(f) = 4*f + 6. Let c(m) = -5*m - 7. Let y(h) = -4*b(h) - 3*c(h). Let t be y(0). What is k(t)?
0
Let m(h) = -2*h - 3. Let a = 6 - -6. Let w be (-2)/3 - 40/a. Calculate m(w).
5
Let y(g) = -5*g**2 + 9 - 4 - 4*g + 5*g + 0*g**2. Let u(d) = 4*d**2 - d - 4. Let o(x) = -6*u(x) - 5*y(x). Let f = -1 - -1. What is o(f)?
-1
Let p(j) = 3*j**3 - 5*j**2 - 12*j + 8. Let z(f) = -f**3 - f**2 + f. Let m(u) = -p(u) - 2*z(u). Calculate m(8).
8
Let a(j) = 5*j**3 - j**2. Let c be 0*1*(-2)/(-2). Let o be 6/1*(-1)/(-3). Suppose -o*w + 7*w - 5 = c. What is a(w)?
4
Let d(u) = -5*u**2 + 5*u - 9. Let m(k) = 14*k**2 - 14*k + 26. Let s(z) = -17*d(z) - 6*m(z). Let y(p) be the first derivative of s(p). Give y(-3).
-7
Let l = -14 - -20. Let d(m) = -m**2 + 8*m - 7. Let x(h) = h**2 - 8*h + 7. Let z be ((-5)/15)/(2/(-12)). Let b(s) = z*x(s) + 3*d(s). Calculate b(l).
5
Suppose u = -4*w - 4, w - 12 = -4*u + 2. Let j(z) = 4*z + 13. Let b(g) = 2*g + 6. Let t(k) = 7*b(k) - 3*j(k). What is t(w)?
-1
Suppose -6*i + 35 = -i. Suppose -4*c + i = -3*o, -o + 0*c = -4*c + 5. Let z(m) = 6*m**2 - m - 1. Calculate z(o).
6
Suppose 5*z = 34 - 9. Let t(v) = v**2 - 4*v. Let u be t(z). Let g(p) = -p**3 + 4*p**2 + 5*p - 6. Calculate g(u).
-6
Let l(h) be the first derivative of h**4/4 - 4*h + 4. Determine l(0).
-4
Let n(r) be the third derivative of -5*r**4/24 - r**3/2 + 4*r**2. Let i(f) = -f**3 + 11*f**2 - 4. Let u be i(11). Calculate n(u).
17
Let y(g) be the second derivative of g**4/12 - 5*g**3/6 - g**2/2 - g. What is y(4)?
-5
Let y(l) = 0*l - 4 - 2*l - 2*l**2 + 3*l**2. Let t(q) = q - 11. Let c be t(14). What is y(c)?
-1
Let m(f) = f. Let c = -1 - 4. Let b(j) be the third derivative of j**5/60 + j**4/4 + j**3/2 + 10*j**2. Let d be b(c). Determine m(d).
-2
Let c(q) be the third derivative of q**4/24 - 5*q*